ine n(5).
-1
Let m(l) = -l**2 - 13*l + 3. Give m(-18).
-87
Let t(z) = -19*z - 40. Determine t(-5).
55
Let c(k) = -22*k - 1. Calculate c(2).
-45
Let d(q) = 4*q - 19. What is d(-24)?
-115
Let n(a) = -4*a + 49. Give n(19).
-27
Let g(a) = -a**3 - 4*a**2 - 5*a - 9. Calculate g(-4).
11
Let i(l) = -10*l**3 + l**2 - 13*l - 14. Determine i(-1).
10
Let m(h) = h**3 - 5*h**2 + 3*h - 8. Give m(6).
46
Let o(c) = c**2 + 22*c + 36. Calculate o(-17).
-49
Let c(g) = -g**3 - g**2 + 2*g + 29. Give c(0).
29
Let o(t) = -2*t - 1. What is o(10)?
-21
Let i(u) = -2*u**2 + 4*u + 7. Determine i(4).
-9
Let w(v) = -v**2 - 11*v + 13. Give w(-7).
41
Let k(i) = 27*i + 309. What is k(-11)?
12
Let w(y) = -y**3 + 5*y**2 + 6*y - 2. Calculate w(5).
28
Let r(m) = 7*m - 4. Determine r(3).
17
Let n(a) = a**3 - 3*a**2 + 14*a - 47. Determine n(3).
-5
Let x(w) = 19*w - 4. Calculate x(3).
53
Let y(n) = 18*n + 2. Determine y(-1).
-16
Let v(l) = l**3 - 14*l**2 + 18*l - 66. What is v(13)?
-1
Let i(v) = -2*v**3 - 10*v**2 - 3*v + 1. Calculate i(-5).
16
Let o(l) = 2*l**2 + 6*l + 13. Give o(-4).
21
Let n(c) = -3*c**3 + 6*c**2 - 8*c. What is n(1)?
-5
Let d(x) = 2*x**2 + 2*x + 4. Calculate d(0).
4
Let o(j) = -j**3 + 25*j**2 + 3*j - 77. Calculate o(25).
-2
Let y(n) = n + 1. Give y(-13).
-12
Let s(c) = 2*c**2 - 5*c - 11. Determine s(4).
1
Let d(h) = -h**3 - 15*h**2 + 16*h + 3. Determine d(-16).
3
Let r(b) = b**3 + 13*b**2 + 42*b + 52. Calculate r(-9).
-2
Let u(j) = 8*j - 24. Determine u(12).
72
Let d(a) = a**2 - 19*a + 27. Calculate d(19).
27
Let h(q) = -q**3 + 16*q**2 - 45*q - 31. What is h(12)?
5
Let y(i) = i**3 - 2*i**2 - 3*i - 4. Give y(4).
16
Let r(z) = z**2 + 2*z - 6. What is r(-5)?
9
Let v(n) = n**2 - 10*n + 21. What is v(6)?
-3
Let c(u) = u**3 - 49*u**2 + 94*u + 4. Determine c(47).
4
Let k(m) = 2*m**2 + 24*m + 15. Determine k(-11).
-7
Let i(t) = -5*t - 62. Give i(-10).
-12
Let h(s) = -2*s + 2. Determine h(-5).
12
Let t(p) = p**2 - 5*p + 3. Determine t(7).
17
Let s(a) = 70*a + 212. What is s(-3)?
2
Let p(f) = f**3 + 5*f**2 - 7. What is p(-4)?
9
Let w(a) = -2*a - 22. Determine w(-14).
6
Let t(r) = -r**3 - 5*r**2 - r + 1. Give t(-5).
6
Let z(o) = 3*o - 5. Determine z(6).
13
Let u(w) = -w**3 - 3*w**2 - 3*w - 3. Calculate u(-2).
-1
Let c(y) = -y**2 + 3*y + 2. Determine c(2).
4
Let k(q) = q**2 - 4*q + 4. Calculate k(3).
1
Let l(d) = 23*d + 253. Calculate l(-10).
23
Let o(t) = -t + 12. What is o(9)?
3
Let k(v) = -v**2 - 10*v + 4. What is k(-7)?
25
Let c(s) = -s**2 - 6*s + 27. What is c(-11)?
-28
Let c(n) = -n**3 + n - 1. What is c(0)?
-1
Let d(m) = -m**2 - 8*m + 12. Calculate d(4).
-36
Let d(g) = 2*g**3 - 19*g**2 + 10*g - 15. What is d(9)?
-6
Let a(k) = -2*k**2 + 8*k - 13. Calculate a(7).
-55
Let h(s) = -10*s - 4. Calculate h(-4).
36
Let t(p) = -p**2 - 3*p + 3. Calculate t(2).
-7
Let j(i) = -i**3 - 9*i**2 + 8*i - 6. What is j(-10)?
14
Let k(q) = -2*q**2 + q - 10. Give k(4).
-38
Let h(a) = 13*a - 2. Give h(-2).
-28
Let h(s) = -12*s + 4. Calculate h(3).
-32
Let p(j) = -7*j + 9. Give p(5).
-26
Let a(q) = 8*q + 5. Give a(-5).
-35
Let z(o) = o**2 + 15*o - 5. What is z(-15)?
-5
Let q(n) = -n**3 - 25. Give q(0).
-25
Let l(c) = -2*c**3 + c**2. Give l(-2).
20
Let b(d) = 5*d**2 - 35*d + 15. Give b(7).
15
Let r(g) = g**3 + 12*g**2 - 13*g + 5. Calculate r(-13).
5
Let g(b) = 2*b**2 + 4*b - 22. Give g(3).
8
Let s(k) = -24*k**2 - 1. Give s(1).
-25
Let d(x) = x - 2. Determine d(-11).
-13
Let o(d) = -d**2 + 7*d + 10. Give o(7).
10
Let p(h) = h**3 + h**2 - 6*h - 5. Calculate p(-2).
3
Let c(s) = 2*s**3 + 2*s**2 + 2*s + 3. Give c(-3).
-39
Let w(o) = 2*o**3 + 9*o**2 + 12*o + 29. Determine w(-4).
-3
Let o(g) = -2*g**2 + 19*g - 53. What is o(3)?
-14
Let c(o) = o**3 + 2*o**2 - 10*o - 10. Determine c(-4).
-2
Let p(q) = -q - 20. Calculate p(-22).
2
Let o(b) = -b**3 - 12*b**2 - b - 8. Determine o(-12).
4
Let c(j) = 2*j**2 + 5*j - 2. Determine c(3).
31
Let y(w) = w**2 - 11*w - 11. Give y(9).
-29
Let g(l) = -l**2 - 9*l - 12. Determine g(-7).
2
Let v(n) = n**2 - 3*n - 4. Calculate v(4).
0
Let z(p) = -11*p - 26. What is z(-4)?
18
Let b(o) = -o**2 - 3*o - 1. Give b(-3).
-1
Let g(j) = -j - 16. Give g(0).
-16
Let w(q) = -q**3 - 4*q**2 - 2. What is w(-4)?
-2
Let o(z) = -2*z**3 + 7*z**2 - 4*z - 3. Give o(3).
-6
Let l(r) = 13*r + 17. Give l(2).
43
Let s(q) = 2*q**3 - 5*q**2 - 2*q + 3. Determine s(3).
6
Let o(s) = -11*s - 14. Determine o(-5).
41
Let m(a) = 45*a. Give m(2).
90
Let v(w) = 3*w**2 - 5. Calculate v(0).
-5
Let n(l) = 15*l - 2. Determine n(1).
13
Let d(g) = 3*g**2 + 45*g + 6. Determine d(-15).
6
Let c(g) = -9*g + 91. What is c(11)?
-8
Let i(t) = t**2 + 11*t + 30. What is i(-6)?
0
Let y(b) = -b**3 + 2*b**2 + 6*b - 5. Determine y(4).
-13
Let j(h) = -h**2 + 13*h + 22. Determine j(14).
8
Let a(o) = -o**2 - o + 8. Determine a(-4).
-4
Let m(j) = -3*j - 47. Give m(-17).
4
Let h(p) = -p**3 + 33*p**2 - 3*p + 95. What is h(33)?
-4
Let l(s) = s**3 - 18*s**2 - 20*s + 18. Calculate l(19).
-1
Let s(g) = g**2 + 12*g + 38. What is s(-5)?
3
Let a(w) = -w + 18. What is a(0)?
18
Let u(b) = 3*b**2 + b - 1. What is u(4)?
51
Let c(l) = l - 7. Give c(12).
5
Let o(v) = -3*v**3 - v**2 + 3*v + 2. Determine o(-2).
16
Let u(l) = -3*l**2 + 3*l - 12. Determine u(3).
-30
Let w(t) = 2*t - 34. What is w(15)?
-4
Let t(y) = -y**3 - 14*y**2 + 14*y - 15. Determine t(-15).
0
Let l(c) = c**3 + 48*c**2 - 49*c - 4. What is l(-49)?
-4
Let g(q) = -7*q + 67. Calculate g(8).
11
Let o(a) = a**3 + 11*a**2 - a - 28. Determine o(-11).
-17
Let c(v) = -34*v + 1. Give c(1).
-33
Let h(d) = d + 5. Give h(-11).
-6
Let c(j) = j**2 + 16*j + 66. Determine c(-9).
3
Let u(c) = -c**3 + 8*c**2 + 7*c + 12. Give u(9).
-6
Let k(v) = -135*v - 1. Determine k(0).
-1
Let u(v) = v**3 - 6*v**2 - 5*v + 1. What is u(7)?
15
Let t(q) = -q**3 + 10*q**2 - 3*q + 33. What is t(10)?
3
Let k(v) = -v**3 - 6*v**2 + 10*v + 10. Determine k(-7).
-11
Let b(c) = c**3 - 3*c**2 - 10*c + 1. What is b(5)?
1
Let o(v) = v**3 + 3*v**2 + 2*v + 2. Give o(-2).
2
Let p(s) = s**2 - 5*s - 8. What is p(6)?
-2
Let y(g) = 7*g - 36. Calculate y(9).
27
Let p(z) = 2*z**2 + 3*z - 5. Determine p(3).
22
Let m(i) = -2*i + 41. Determine m(10).
21
Let a(y) = 8*y**2 - 4*y + 3. Calculate a(2).
27
Let i(y) = 37*y + 151. Give i(-4).
3
Let k(h) = -h**2 - 2*h + 1. Determine k(2).
-7
Let h(j) = -j**3 - 13*j**2 + 5*j + 71. What is h(-13)?
6
Let j(i) = -22*i + 8. Determine j(3).
-58
Let c(g) = g**3 - 8*g**2 + 13*g + 10. Determine c(7).
52
Let p(j) = -20*j + 129. Determine p(6).
9
Let k(b) = -7*b - 52. Determine k(-9).
11
Let r(s) = s**3 + 5*s**2 + 7. Determine r(-5).
7
Let x(h) = -14*h**2 + 3*h - 5. Calculate x(1).
-16
Let c(a) = -a**2 + 3. Give c(5).
-22
Let l(b) = 4*b - 1. Calculate l(-2).
-9
Let d(z) = -z**2 - 3*z + 2. Determine d(1).
-2
Let t(q) = 2*q**2 - 6*q - 4. Give t(3).
-4
Let i(y) = 2*y**3 - y**2 + 13*y - 7. What is i(0)?
-7
Let j(t) = t**3 + 29*t**2 - 59*t + 96. Give j(-31).
3
Let u(t) = t**3 - 7*t**2 - 10*t - 3. Give u(8).
-19
Let b(z) = -z**3 - 5*z**2 - 5*z - 9. Calculate b(-3).
-12
Let d(n) = -n - 7. Calculate d(-10).
3
Let n(u) = u**3 - 6*u**2 - 5. What is n(6)?
-5
Let t(r) = r**2 - 4*r + 16. Calculate t(6).
28
Let d(q) = -4*q**2 - 3*q + 12. What is d(3)?
-33
Let q(b) = b**3 - 11*b**2 - 58*b - 36. What is q(15)?
-6
Let r(w) = w**2 - 13*w - 4. Determine r(12).
-16
Let h(t) = t**2 + 4*t - 71. What is h(7)?
6
Let q(n) = -n**2 - 15*n + 105. Determine q(-20).
5
Let a(i) = i**2 + i + 4. What is a(-4)?
16
Let x(j) = 2*j**2 + 3*j + 13. Calculate x(0).
13
Let k(v) = -10*v - 65. What is k(-6)?
-5
Let u(d) = 3*d**2 + 9*d + 9. What is u(-3)?
9
Let a(f) = 38*f**2 + f - 1. Calculate a(1).
38
Let q(m) = -9*m - 2. What is q(4)?
-38
Let m(o) = -o**2 + 10*o - 9. Determine m(8).
7
Let q(w) = -2*w**3 + 50*w**2 + 10. What is q(25)?
10
Let x(g) = 2*g**2 + 35*g - 13. What is x(-19)?
44
Let b(j) = -j - 22. Determine b(-22).
0
Let q(o) = -o**2 + 10*o + 12. Determine q(11).
1
Let z(j) = j**3 + j**2 - 1. Give z(0).
-1
Let q(c) = -c**2 + 3*c + 13. Determine q(6).
-5
Let z(c) = 62*c - 129. What is z(2)?
-5
Let x(f) = -f**3 + 6*f**2 + 11*f + 35. Determine x(8).
-5
Let v(a) = 17*a - 730. Give v(43).
1
Let x(z) = 2*z**2 - 8*z - 2. Give x(6).
22
Let s(u) = u**3 + 39*u**2 + u + 35. Determine s(-39).
-4
Let c(m) = 2*m**2 - m + 1. Give c(-2).
11
Let p(i) = -i